prime factors of 17763624.
2, 3, 79, 347
What are the prime factors of 6805360?
2, 5, 257, 331
List the prime factors of 389676.
2, 3, 7, 4639
List the prime factors of 7180059.
3, 197, 12149
What are the prime factors of 17089228?
2, 13, 328639
What are the prime factors of 3200189?
19, 43, 3917
What are the prime factors of 11482551?
3, 1275839
What are the prime factors of 328241?
61, 5381
What are the prime factors of 4331608?
2, 311, 1741
What are the prime factors of 6541918?
2, 3270959
What are the prime factors of 40666?
2, 20333
List the prime factors of 407724.
2, 3, 61, 557
List the prime factors of 274943.
274943
List the prime factors of 1531.
1531
List the prime factors of 1825041.
3, 608347
List the prime factors of 657874.
2, 7, 137
List the prime factors of 269371.
167, 1613
What are the prime factors of 72007?
13, 29, 191
What are the prime factors of 8731825?
5, 103, 3391
What are the prime factors of 802716?
2, 3, 151, 443
What are the prime factors of 315058?
2, 19, 8291
What are the prime factors of 4261293?
3, 473477
List the prime factors of 1263351.
3, 373, 1129
What are the prime factors of 26940?
2, 3, 5, 449
List the prime factors of 6145207.
149, 41243
What are the prime factors of 108084?
2, 3, 9007
List the prime factors of 4529544.
2, 3, 79, 2389
What are the prime factors of 9516655?
5, 263, 7237
List the prime factors of 105425.
5, 4217
What are the prime factors of 596710?
2, 5, 59671
What are the prime factors of 531072?
2, 3, 461
What are the prime factors of 826806?
2, 3, 41, 3361
What are the prime factors of 7017?
3, 2339
List the prime factors of 4671539.
4671539
What are the prime factors of 4371479?
7, 624497
List the prime factors of 850354.
2, 389, 1093
List the prime factors of 139228.
2, 34807
List the prime factors of 409571.
67, 6113
List the prime factors of 2153210.
2, 5, 197, 1093
What are the prime factors of 701776?
2, 23, 1907
List the prime factors of 605152.
2, 18911
List the prime factors of 122225.
5, 4889
List the prime factors of 291894.
2, 3, 48649
List the prime factors of 2843186.
2, 41, 34673
What are the prime factors of 3271137?
3, 59, 18481
List the prime factors of 9478771.
37, 241, 1063
What are the prime factors of 9366419?
9366419
List the prime factors of 19618788.
2, 3, 7, 233557
List the prime factors of 1805992.
2, 225749
List the prime factors of 3635982.
2, 3, 7, 9619
List the prime factors of 2141875.
5, 23, 149
List the prime factors of 580911.
3, 23, 8419
What are the prime factors of 28357?
7, 4051
List the prime factors of 1023529.
13, 43, 1831
List the prime factors of 5827844.
2, 11, 12041
List the prime factors of 416422.
2, 59, 3529
What are the prime factors of 127172?
2, 31793
What are the prime factors of 2815689?
3, 938563
List the prime factors of 21817748.
2, 61, 89417
What are the prime factors of 37614802?
2, 18807401
What are the prime factors of 1978154?
2, 17, 73, 797
What are the prime factors of 136526?
2, 13, 59, 89
What are the prime factors of 22635624?
2, 3, 11, 179, 479
List the prime factors of 20701818.
2, 3, 17, 7517
List the prime factors of 182129.
182129
What are the prime factors of 154554?
2, 3, 25759
List the prime factors of 686895.
3, 5, 11, 23, 181
What are the prime factors of 14302335?
3, 5, 47, 20287
What are the prime factors of 291076?
2, 53, 1373
List the prime factors of 5854940.
2, 5, 7, 13, 3217
List the prime factors of 1676590.
2, 5, 389, 431
What are the prime factors of 2824013?
79, 35747
List the prime factors of 2177234.
2, 1088617
List the prime factors of 9856220.
2, 5, 11, 71, 631
List the prime factors of 419578.
2, 209789
List the prime factors of 163183.
17, 29, 331
What are the prime factors of 874470?
2, 3, 5, 103, 283
What are the prime factors of 2037518?
2, 7, 17, 1223
What are the prime factors of 2237347?
7, 137, 2333
What are the prime factors of 42850?
2, 5, 857
What are the prime factors of 10083730?
2, 5, 1008373
List the prime factors of 293606.
2, 73, 2011
List the prime factors of 8074660.
2, 5, 11, 17, 127
What are the prime factors of 1462167?
3, 7, 23209
List the prime factors of 12760700.
2, 5, 127607
What are the prime factors of 3450429?
3, 107, 3583
What are the prime factors of 23262?
2, 3, 3877
List the prime factors of 218406.
2, 3, 89, 409
List the prime factors of 125665.
5, 41, 613
List the prime factors of 4018879.
4018879
What are the prime factors of 1081374?
2, 3, 7, 25747
What are the prime factors of 993008?
2, 53, 1171
What are the prime factors of 98822?
2, 49411
What are the prime factors of 953903?
347, 2749
What are the prime factors of 4949033?
4949033
What are the prime factors of 66076?
2, 16519
List the prime factors of 1007384.
2, 7, 17989
What are the prime factors of 4132931?
11, 179, 2099
What are the prime factors of 6248503?
17, 367559
What are the prime factors of 1576903?
17, 23, 37, 109
List the prime factors of 1176675.
3, 5, 29, 541
What are the prime factors of 8834005?
5, 1766801
List the prime factors of 9801559.
37, 97, 2731
What are the prime factors of 23984789?
463, 51803
List the prime factors of 511230.
2, 3, 5, 17041
What are the prime factors of 1589836?
2, 397459
What are the prime factors of 1456191?
3, 11, 4903
List the prime factors of 1301613.
3, 271, 1601
List the prime factors of 32545.
5, 23, 283
What are the prime factors of 15621?
3, 41, 127
What are the prime factors of 437228?
2, 11, 19, 523
List the prime factors of 1142987.
211, 5417
List the prime factors of 14730800.
2, 5, 7, 5261
What are the prime factors of 6919516?
2, 29, 59651
What are the prime factors of 28376771?
28376771
What are the prime factors of 18801256?
2, 2350157
What are the prime factors of 47901?
3, 7, 2281
What are the prime factors of 14135528?
2, 11, 29, 191
List the prime factors of 18294147.
3, 677561
List the prime factors of 36696.
2, 3, 11, 139
What are the prime factors of 854286?
2, 3, 142381
What are the prime factors of 591622?
2, 19, 15569
What are the prime factors of 660354?
2, 3, 110059
What are the prime factors of 33747?
3, 7, 1607
List the prime factors of 428298.
2, 3, 13, 17, 19
What are the prime factors of 54741?
3, 71, 257
What are the prime factors of 4422977?
13, 397, 857
What are the prime factors of 24517236?
2, 3, 37, 55219
What are the prime factors of 195251?
7, 27893
What are the prime factors of 13245934?
2, 13, 131, 3889
List the prime factors of 2113644.
2, 3, 13, 17, 797
List the prime factors of 2336098.
2, 31, 41, 919
List the prime factors of 2275197.
3, 313, 2423
List the prime factors of 2458010.
2, 5, 23, 10687
List the prime factors of 682354.
2, 37, 9221
What are the prime factors of 531333?
3, 11, 1789
What are the prime factors of 18997751?
131, 145021
What are the prime factors of 201656?
2, 7, 13, 277
List the prime factors of 2568326.
2, 17, 75539
What are the prime factors of 786186?
2, 3, 23, 211
What are the prime factors of 14086254?
2, 3, 7, 13, 25799
What are the prime factors of 604684?
2, 151171
What are the prime factors of 8842662?
2, 3, 163753
What are the prime factors of 208039?
13, 1231
List the prime factors of 7173667.
89, 80603
What are the prime factors of 953856?
2, 3, 23
What are the prime factors of 1823838?
2, 3, 449, 677
What are the prime factors of 5025022?
2, 2512511
List the prime factors of 373581.
3, 13, 31, 103
What are the prime factors of 6368092?
2, 83, 19181
What are the prime factors of 290682?
2, 3, 7, 769
List the prime factors of 368310.
2, 3, 5, 12277
What are the prime factors of 1197180?
2, 3, 5, 739
List the prime factors of 18938002.
2, 9469001
What are the prime factors of 18869382?
2, 3, 7, 49919
List the prime factors of 890749.
17, 151, 347
What are the prime factors of 9203457?
3, 97, 31627
List the prime factors of 40683.
3, 71, 191
What are the prime factors of 1531747?
7, 127, 1723
What are the prime factors of 6831339?
3, 2277113
What are the prime factors of 497635?
5, 99527
What are the prime factors of 1558250?
2, 5, 23, 271
What are the prime factors of 32516688?
2, 3, 103, 6577
What are the prime factors of 526631?
7, 23, 3271
List the prime factors of 130982.
2, 79, 829
What are the prime factors of 657239?
11, 149, 401
What are the prime factors of 